ime factors of 16851?
3, 41, 137
List the prime factors of 21113.
43, 491
What are the prime factors of 2703?
3, 17, 53
What are the prime factors of 3481?
59
What are the prime factors of 63612?
2, 3, 19, 31
What are the prime factors of 37888?
2, 37
What are the prime factors of 26781?
3, 79, 113
List the prime factors of 2636.
2, 659
List the prime factors of 9337.
9337
List the prime factors of 8538.
2, 3, 1423
List the prime factors of 3469.
3469
What are the prime factors of 3462?
2, 3, 577
What are the prime factors of 312?
2, 3, 13
List the prime factors of 2352.
2, 3, 7
What are the prime factors of 7289?
37, 197
What are the prime factors of 775?
5, 31
What are the prime factors of 31949?
43, 743
What are the prime factors of 543?
3, 181
What are the prime factors of 11626?
2, 5813
List the prime factors of 19506.
2, 3, 3251
List the prime factors of 49040.
2, 5, 613
List the prime factors of 7354.
2, 3677
What are the prime factors of 16307?
23, 709
List the prime factors of 11293.
23, 491
List the prime factors of 16028.
2, 4007
List the prime factors of 7071.
3, 2357
What are the prime factors of 902?
2, 11, 41
List the prime factors of 1839.
3, 613
List the prime factors of 159735.
3, 5, 23, 463
What are the prime factors of 732?
2, 3, 61
List the prime factors of 5078.
2, 2539
List the prime factors of 111530.
2, 5, 19, 587
What are the prime factors of 2178?
2, 3, 11
What are the prime factors of 109988?
2, 31, 887
List the prime factors of 1923.
3, 641
List the prime factors of 44271.
3, 4919
List the prime factors of 23114.
2, 7, 13, 127
List the prime factors of 1374.
2, 3, 229
What are the prime factors of 6219?
3, 691
List the prime factors of 33001.
61, 541
List the prime factors of 13605.
3, 5, 907
List the prime factors of 3683.
29, 127
What are the prime factors of 1583?
1583
List the prime factors of 22330.
2, 5, 7, 11, 29
List the prime factors of 262.
2, 131
List the prime factors of 132330.
2, 3, 5, 11, 401
List the prime factors of 51006.
2, 3, 8501
What are the prime factors of 32745?
3, 5, 37, 59
List the prime factors of 1972.
2, 17, 29
What are the prime factors of 3104?
2, 97
List the prime factors of 23816.
2, 13, 229
What are the prime factors of 15333?
3, 19, 269
What are the prime factors of 41846?
2, 7, 61
What are the prime factors of 38?
2, 19
What are the prime factors of 34393?
163, 211
List the prime factors of 2244.
2, 3, 11, 17
What are the prime factors of 2619?
3, 97
What are the prime factors of 2425?
5, 97
List the prime factors of 1954.
2, 977
What are the prime factors of 28291?
19, 1489
List the prime factors of 11853.
3, 439
What are the prime factors of 830?
2, 5, 83
List the prime factors of 4827.
3, 1609
List the prime factors of 5957.
7, 23, 37
List the prime factors of 2750.
2, 5, 11
List the prime factors of 243.
3
What are the prime factors of 34707?
3, 23, 503
What are the prime factors of 2359?
7, 337
List the prime factors of 27811.
7, 29, 137
List the prime factors of 3390.
2, 3, 5, 113
What are the prime factors of 64954?
2, 47, 691
List the prime factors of 2167.
11, 197
What are the prime factors of 264?
2, 3, 11
What are the prime factors of 24370?
2, 5, 2437
List the prime factors of 7659.
3, 23, 37
List the prime factors of 681.
3, 227
What are the prime factors of 14453?
97, 149
What are the prime factors of 3911?
3911
What are the prime factors of 4231?
4231
What are the prime factors of 5039?
5039
What are the prime factors of 10939?
10939
List the prime factors of 918.
2, 3, 17
What are the prime factors of 15802?
2, 7901
List the prime factors of 3644.
2, 911
What are the prime factors of 682?
2, 11, 31
List the prime factors of 48208.
2, 23, 131
List the prime factors of 86.
2, 43
List the prime factors of 94718.
2, 13, 3643
What are the prime factors of 19160?
2, 5, 479
List the prime factors of 390.
2, 3, 5, 13
What are the prime factors of 2201?
31, 71
List the prime factors of 1732.
2, 433
What are the prime factors of 548?
2, 137
List the prime factors of 2374.
2, 1187
What are the prime factors of 5408?
2, 13
What are the prime factors of 68055?
3, 5, 13, 349
What are the prime factors of 21541?
13, 1657
What are the prime factors of 7678?
2, 11, 349
What are the prime factors of 21555?
3, 5, 479
What are the prime factors of 45085?
5, 71, 127
What are the prime factors of 6591?
3, 13
List the prime factors of 14520.
2, 3, 5, 11
What are the prime factors of 1166?
2, 11, 53
List the prime factors of 33917.
13, 2609
What are the prime factors of 77220?
2, 3, 5, 11, 13
List the prime factors of 1565.
5, 313
List the prime factors of 684.
2, 3, 19
List the prime factors of 7026.
2, 3, 1171
What are the prime factors of 11173?
11173
What are the prime factors of 1102?
2, 19, 29
What are the prime factors of 65?
5, 13
List the prime factors of 1699.
1699
List the prime factors of 5108.
2, 1277
List the prime factors of 2946.
2, 3, 491
What are the prime factors of 10275?
3, 5, 137
What are the prime factors of 545?
5, 109
What are the prime factors of 340?
2, 5, 17
What are the prime factors of 146517?
3, 7, 6977
What are the prime factors of 5042?
2, 2521
List the prime factors of 1152.
2, 3
What are the prime factors of 26102?
2, 31, 421
List the prime factors of 2157.
3, 719
List the prime factors of 12296.
2, 29, 53
What are the prime factors of 17981?
17981
List the prime factors of 1234.
2, 617
What are the prime factors of 55354?
2, 13, 2129
List the prime factors of 57154.
2, 17, 41
List the prime factors of 1315.
5, 263
What are the prime factors of 2904?
2, 3, 11
What are the prime factors of 2357?
2357
List the prime factors of 7018.
2, 11, 29
List the prime factors of 6289.
19, 331
List the prime factors of 12991.
11, 1181
List the prime factors of 1834.
2, 7, 131
List the prime factors of 6119.
29, 211
What are the prime factors of 844?
2, 211
List the prime factors of 1235.
5, 13, 19
List the prime factors of 1432.
2, 179
What are the prime factors of 1035?
3, 5, 23
List the prime factors of 13644.
2, 3, 379
List the prime factors of 3168.
2, 3, 11
What are the prime factors of 11782?
2, 43, 137
What are the prime factors of 6368?
2, 199
List the prime factors of 2234.
2, 1117
What are the prime factors of 58607?
103, 569
What are the prime factors of 15332?
2, 3833
List the prime factors of 896.
2, 7
List the prime factors of 395.
5, 79
List the prime factors of 46288.
2, 11, 263
List the prime factors of 139.
139
List the prime factors of 5233.
5233
List the prime factors of 332.
2, 83
List the prime factors of 3325.
5, 7, 19
What are the prime factors of 151?
151
List the prime factors of 1114.
2, 557
List the prime factors of 11509.
17, 677
What are the prime factors of 2995?
5, 599
List the prime factors of 23351.
19, 1229
List the prime factors of 4354.
2, 7, 311
What are the prime factors of 29145?
3, 5, 29, 67
List the prime factors of 212.
2, 53
What are the prime factors of 4001?
4001
List the prime factors of 16267.
16267
List the prime factors of 1237.
1237
What are the prime factors of 337?
337
List the prime factors of 36820.
2, 5, 7, 263
List the prime factors of 1176.
2, 3, 7
List the prime factors of 39035.
5, 37, 211
List the prime factors of 1176.
2, 3, 7
What are the prime factors of 1487?
1487
What are the prime factors of 106285?
5, 29, 733
What are the prime factors of 4625?
5, 37
List the prime factors of 6368.
2, 199
List the prime factors of 46889.
46889
What are the prime factors of 6782?
2, 3391
List the prime factors of 5581.
5581
What are the prime factors of 657?
3, 73
What are the prime factors of 6134?
2, 3067
What are the prime factors of 361?
19
List the prime factors of 20074.
2, 10037
List the prime factors of 2081.
2081
List the prime factors of 499.
499
List the prime factors of 81533.
81533
List the prime factors of 17823.
3, 13, 457
What are the prime factors of 1841?
7, 263
List the prime factors of 823.
823
List the prime factors of 49208.
2, 6151
List the prime factors of 56764.
2, 23, 617
What are the prime factors of 14709?
3, 4903
List the prime factors of 1796.
2, 449
List the prime factors of 6808.
2, 23, 37
What are the prime factors of 41921?
11, 37, 103
List the prime factors of 7210.
2, 5, 7, 10